{"id":37,"date":"2025-06-30T21:47:21","date_gmt":"2025-06-30T21:47:21","guid":{"rendered":"http:\/\/piesnacki.pl\/?page_id=37"},"modified":"2026-03-01T15:50:49","modified_gmt":"2026-03-01T15:50:49","slug":"o-nas","status":"publish","type":"page","link":"http:\/\/piesnacki.pl\/?page_id=37","title":{"rendered":"O nas"},"content":{"rendered":"\n<div class=\"wp-block-group alignfull has-global-padding is-layout-constrained wp-container-core-group-is-layout-0c9c989a wp-block-group-is-layout-constrained\" style=\"min-height:0vh;margin-top:0;margin-bottom:0;padding-top:var(--wp--preset--spacing--70);padding-right:var(--wp--preset--spacing--40);padding-bottom:var(--wp--preset--spacing--70);padding-left:var(--wp--preset--spacing--40)\">\n<div class=\"wp-block-group has-global-padding is-layout-constrained wp-container-core-group-is-layout-346627ba wp-block-group-is-layout-constrained\">\n<h2 class=\"wp-block-heading has-text-align-center has-xx-large-font-size\" style=\"margin-right:0;margin-left:0;padding-right:0;padding-left:0\">PieSnacki<\/h2>\n\n\n\n<p class=\"has-text-align-center\">Tw\u00f3j psijaciel zas\u0142uguje na co\u015b naprawd\u0119 wyj\u0105tkowego!<br>Co\u015b, co nie tylko smakuje jak z bajki, ale te\u017c dba o jego zdrowie i szcz\u0119\u015bcie.<\/p>\n\n\n\n<div class=\"wp-block-buttons is-content-justification-center is-layout-flex wp-container-core-buttons-is-layout-a89b3969 wp-block-buttons-is-layout-flex\">\n<div class=\"wp-block-button\"><a class=\"wp-block-button__link wp-element-button\">Dowiedz si\u0119 wi\u0119cej<\/a><\/div>\n<\/div>\n<\/div>\n<\/div>\n\n\n\n<div class=\"wp-block-group alignfull has-background is-layout-flow wp-block-group-is-layout-flow\" style=\"background-color:#f5eac1;padding-top:6vw;padding-right:6vw;padding-bottom:6vw;padding-left:6vw\">\n<div class=\"wp-block-group is-vertical is-nowrap is-layout-flex wp-container-core-group-is-layout-36fd9ea3 wp-block-group-is-layout-flex\" style=\"padding-right:0;padding-left:0\">\n<h6 class=\"wp-block-heading is-style-text-annotation is-style-text-annotation--1\" id=\"ecosystem\">Historia pierwszych piesnack\u00f3w<\/h6>\n\n\n\n<p class=\"has-text-color\" style=\"color:#000000;font-size:6vw;font-style:normal;font-weight:700;letter-spacing:0px;line-height:0.9;text-decoration:none;text-transform:none\">Dawno, dawno temu &#8230;<\/p>\n<\/div>\n\n\n\n<div style=\"height:1vw\" aria-hidden=\"true\" class=\"wp-block-spacer\"><\/div>\n\n\n\n<div class=\"wp-block-group alignwide is-vertical is-nowrap is-layout-flex wp-container-core-group-is-layout-7946b6b8 wp-block-group-is-layout-flex\" style=\"padding-top:0;padding-right:0;padding-bottom:0;padding-left:0\">\n<div class=\"wp-block-columns alignwide is-layout-flex wp-container-core-columns-is-layout-21b20327 wp-block-columns-is-layout-flex\">\n<div class=\"wp-block-column is-layout-flow wp-block-column-is-layout-flow\" style=\"flex-basis:33.38%\">\n<p class=\"has-text-color\" style=\"color:#000000;font-size:clamp(14px, 0.875rem + ((1vw - 3.2px) * 0.294), 17px);\">Dawno, dawno temu, w spokojnej krainie pe\u0142nej \u0142\u0105k, las\u00f3w i zapachu rze\u015bkiego poranka, mieszka\u0142a dobra Wr\u00f3\u017cka Psilena. Kocha\u0142a ona psy wszystkich ras \u2013 te ma\u0142e i te du\u017ce, te grzeczne i te troch\u0119 bardziej niesforne. Ka\u017cdy z jej piesk\u00f3w marzy\u0142 o jednym: o smaczku tak pysznym, \u017ce a\u017c ogon sam merda\u0142by z zachwytu!<\/p>\n\n\n\n<p class=\"has-text-color\" style=\"color:#000000;font-size:clamp(14px, 0.875rem + ((1vw - 3.2px) * 0.294), 17px);\"><br>Psilena postanowi\u0142a wi\u0119c stworzy\u0107 co\u015b wyj\u0105tkowego: najpyszniejsze i najbardziej mi\u0119sne przysmaki pod psim s\u0142o\u0144cem. Chcia\u0142a, by ka\u017cdy kawa\u0142ek by\u0142 prawdziwym k\u0105skiem rado\u015bci \u2013 dlatego wybiera\u0142a mi\u0119so najwy\u017cszej jako\u015bci. Suszy\u0142a je w ciep\u0142ych promieniach s\u0142o\u0144ca przy delikatnej bryzie. Dodaj\u0105c szczypt\u0119 magicznych zakl\u0119\u0107 i stroni\u0105c od sztucznych aromat\u00f3w i barwnik\u00f3w. <\/p>\n\n\n\n<p class=\"has-text-color\" style=\"color:#000000;font-size:clamp(14px, 0.875rem + ((1vw - 3.2px) * 0.294), 17px);\">Nie musz\u0119 tu chyba dodawa\u0107, \u017ce psiaki nie mog\u0142y si\u0119 doczeka\u0107 efektu ko\u0144cowego tych tajemniczych prac. Szczeg\u00f3lnie d\u0142u\u017cy\u0142y im si\u0119 powolnie up\u0142ywaj\u0105ce wieczory, dlatego umila\u0142y je sobie swawolnymi zabawami i ta\u0144cami przy ognisku.<\/p>\n<\/div>\n\n\n\n<div class=\"wp-block-column is-layout-flow wp-block-column-is-layout-flow\" style=\"flex-basis:33%\">\n<div style=\"height:2vw\" aria-hidden=\"true\" class=\"wp-block-spacer\"><\/div>\n\n\n\n<figure class=\"wp-block-image size-large\"><img loading=\"lazy\" decoding=\"async\" width=\"683\" height=\"1024\" src=\"http:\/\/piesnacki.pl\/wp-content\/uploads\/2025\/12\/PieSnacki-przysmaki-smaczki-smakolyki-przekaski-dla-psa-2-683x1024.png\" alt=\"\" class=\"wp-image-182\" srcset=\"http:\/\/piesnacki.pl\/wp-content\/uploads\/2025\/12\/PieSnacki-przysmaki-smaczki-smakolyki-przekaski-dla-psa-2-683x1024.png 683w, http:\/\/piesnacki.pl\/wp-content\/uploads\/2025\/12\/PieSnacki-przysmaki-smaczki-smakolyki-przekaski-dla-psa-2-200x300.png 200w, http:\/\/piesnacki.pl\/wp-content\/uploads\/2025\/12\/PieSnacki-przysmaki-smaczki-smakolyki-przekaski-dla-psa-2-768x1152.png 768w, http:\/\/piesnacki.pl\/wp-content\/uploads\/2025\/12\/PieSnacki-przysmaki-smaczki-smakolyki-przekaski-dla-psa-2.png 1024w\" sizes=\"auto, (max-width: 683px) 100vw, 683px\" \/><\/figure>\n<\/div>\n\n\n\n<div class=\"wp-block-column is-layout-flow wp-block-column-is-layout-flow\" style=\"flex-basis:33.62%\">\n<figure class=\"wp-block-image size-large\"><img loading=\"lazy\" decoding=\"async\" width=\"723\" height=\"1024\" src=\"http:\/\/piesnacki.pl\/wp-content\/uploads\/2026\/02\/PieSnacki-przysmak-dla-psow-zabawa-na-102-723x1024.png\" alt=\"\" class=\"wp-image-269\" srcset=\"http:\/\/piesnacki.pl\/wp-content\/uploads\/2026\/02\/PieSnacki-przysmak-dla-psow-zabawa-na-102-723x1024.png 723w, http:\/\/piesnacki.pl\/wp-content\/uploads\/2026\/02\/PieSnacki-przysmak-dla-psow-zabawa-na-102-212x300.png 212w, http:\/\/piesnacki.pl\/wp-content\/uploads\/2026\/02\/PieSnacki-przysmak-dla-psow-zabawa-na-102-768x1088.png 768w, http:\/\/piesnacki.pl\/wp-content\/uploads\/2026\/02\/PieSnacki-przysmak-dla-psow-zabawa-na-102.png 794w\" sizes=\"auto, (max-width: 723px) 100vw, 723px\" \/><\/figure>\n<\/div>\n<\/div>\n\n\n\n<div class=\"wp-block-columns alignwide is-layout-flex wp-container-core-columns-is-layout-c24efe4f wp-block-columns-is-layout-flex\">\n<div class=\"wp-block-column is-layout-flow wp-block-column-is-layout-flow\" style=\"flex-basis:69%\">\n<figure class=\"wp-block-image size-large\"><img loading=\"lazy\" decoding=\"async\" width=\"1024\" height=\"683\" src=\"http:\/\/piesnacki.pl\/wp-content\/uploads\/2025\/12\/Suszone-mieso-na-kamieniu-o-zachodzie-slonca-1024x683.png\" alt=\"\" class=\"wp-image-176\" srcset=\"http:\/\/piesnacki.pl\/wp-content\/uploads\/2025\/12\/Suszone-mieso-na-kamieniu-o-zachodzie-slonca-1024x683.png 1024w, http:\/\/piesnacki.pl\/wp-content\/uploads\/2025\/12\/Suszone-mieso-na-kamieniu-o-zachodzie-slonca-300x200.png 300w, http:\/\/piesnacki.pl\/wp-content\/uploads\/2025\/12\/Suszone-mieso-na-kamieniu-o-zachodzie-slonca-768x512.png 768w, http:\/\/piesnacki.pl\/wp-content\/uploads\/2025\/12\/Suszone-mieso-na-kamieniu-o-zachodzie-slonca.png 1536w\" sizes=\"auto, (max-width: 1024px) 100vw, 1024px\" \/><\/figure>\n<\/div>\n\n\n\n<div class=\"wp-block-column is-vertically-aligned-center is-layout-flow wp-block-column-is-layout-flow\" style=\"flex-basis:33%\">\n<div style=\"height:2vw\" aria-hidden=\"true\" class=\"wp-block-spacer\"><\/div>\n\n\n\n<p class=\"has-text-color\" style=\"color:#000000;font-size:clamp(14px, 0.875rem + ((1vw - 3.2px) * 0.294), 17px);\">W ten zaczarowany spos\u00f3b powsta\u0142y wyj\u0105tkowe przek\u0105ski dla psiak\u00f3w: pe\u0142ne aromatu i warto\u015bci od\u017cywczych. Zachwyci\u0142y one swym smakiem nawet najbardziej wybredne psie podniebienia.<\/p>\n\n\n\n<p class=\"has-text-color\" style=\"color:#000000;font-size:clamp(14px, 0.875rem + ((1vw - 3.2px) * 0.294), 17px);\"><br>Z czasem &#8222;psie przek\u0105ski od Wr\u00f3\u017cki&#8221; zyska\u0142y na popularno\u015bci, a ludzie z pobliskich krain zacz\u0119li nazywa\u0107 je PieSnackami. I tak w\u0142a\u015bnie powsta\u0142a nasza marka.<\/p>\n\n\n\n<p class=\"has-text-color\" style=\"color:#000000;font-size:clamp(14px, 0.875rem + ((1vw - 3.2px) * 0.294), 17px);\"><br><strong>PieSnacki \u2013 pe\u0142nomi\u0119sne bezglutenowe smako\u0142yki dla ps\u00f3w, kt\u00f3re zaczarowuj\u0105 ka\u017cdy zwyk\u0142y dzie\u0144 w d\u0142ugo wy(sz)czekiwan\u0105 przygod\u0119!<\/strong><\/p>\n<\/div>\n<\/div>\n<\/div>\n<\/div>\n\n\n\n<div class=\"wp-block-group alignfull is-style-section-5 has-global-padding is-layout-constrained wp-block-group-is-layout-constrained is-style-section-5--2\" style=\"margin-top:0;margin-bottom:0;padding-top:var(--wp--preset--spacing--50);padding-bottom:var(--wp--preset--spacing--50)\">\n<div class=\"wp-block-columns alignwide is-layout-flex wp-container-core-columns-is-layout-7ee84d44 wp-block-columns-is-layout-flex\">\n<div class=\"wp-block-column is-vertically-aligned-center is-layout-flow wp-block-column-is-layout-flow\" style=\"flex-basis:50%\">\n<h2 class=\"wp-block-heading\">O bardzo z\u0142ym wilku &#8230;<\/h2>\n\n\n\n<figure class=\"wp-block-image size-full\"><img loading=\"lazy\" decoding=\"async\" width=\"1000\" height=\"1000\" src=\"http:\/\/piesnacki.pl\/wp-content\/uploads\/2026\/02\/PieSnacki-przysmaki-dla-psow-smaczki-smakolyki-dla-wilkow-1.png\" alt=\"\" class=\"wp-image-270\" style=\"aspect-ratio:1;object-fit:cover\" srcset=\"http:\/\/piesnacki.pl\/wp-content\/uploads\/2026\/02\/PieSnacki-przysmaki-dla-psow-smaczki-smakolyki-dla-wilkow-1.png 1000w, http:\/\/piesnacki.pl\/wp-content\/uploads\/2026\/02\/PieSnacki-przysmaki-dla-psow-smaczki-smakolyki-dla-wilkow-1-300x300.png 300w, http:\/\/piesnacki.pl\/wp-content\/uploads\/2026\/02\/PieSnacki-przysmaki-dla-psow-smaczki-smakolyki-dla-wilkow-1-150x150.png 150w, http:\/\/piesnacki.pl\/wp-content\/uploads\/2026\/02\/PieSnacki-przysmaki-dla-psow-smaczki-smakolyki-dla-wilkow-1-768x768.png 768w\" sizes=\"auto, (max-width: 1000px) 100vw, 1000px\" \/><\/figure>\n\n\n\n<p class=\"has-medium-font-size\">Pewnego dnia Pomara\u0144czowy Kapturek w\u0119drowa\u0142 przez fioletowy las, gdy wy\u0142oni\u0142 si\u0119 przed nim Wielki Z\u0142y Wilk.<br>\u2013 Jakie masz du\u017ce uszy! \u2013 zawo\u0142a\u0142 Kapturek. \u2013 \u017beby lepiej s\u0142ysze\u0107 kroki intruz\u00f3w na le\u015bnych \u015bcie\u017ckach! \u2013 warkn\u0105\u0142 Wilk, wci\u0105gaj\u0105c powietrze nosem.<br>\u2013 Jakie masz wielkie oczy! \u2013 \u017beby lepiej widzie\u0107, co trzymasz w d\u0142oni&#8230;<br>\u2013 Jakie masz ogromne z\u0119by! \u2013 \u017beby lepiej&#8230; \u2013 Wilk urwa\u0142 nagle. Dotar\u0142 do niego cudowny zapach. Kapturek trzyma\u0142 w d\u0142oni apetyczne k\u0105ski PieSnacki i by\u0142o w nich co\u015b absolutnie nieodpartego. Wilk zn\u00f3w pow\u0105cha\u0142 nieufnie. Raz, drugi&#8230; i ostro\u017cnie skosztowa\u0142. Nagle wielkie z\u0119by przesta\u0142y by\u0107 straszne. Wilk przewr\u00f3ci\u0142 si\u0119 na grzbiet i zamacha\u0142 \u0142apami z zachwytu. Kapturek \u015bmia\u0142 si\u0119 i drapa\u0142 puszysty brzuszek. Od tej pory chodzili razem przez las \u2013 najlepsi przyjaciele.<\/p>\n\n\n\n<p class=\"has-medium-font-size\"><em>Bo \u017caden wilk nie jest straszny, gdy dostanie odpowiednie smaczki!<\/em> \ud83d\udc3a\ud83e\udde1<\/p>\n<\/div>\n\n\n\n<div class=\"wp-block-column is-vertically-aligned-center is-layout-flow wp-block-column-is-layout-flow\" style=\"flex-basis:50%\">\n<figure class=\"wp-block-image size-full\"><img loading=\"lazy\" decoding=\"async\" width=\"1000\" height=\"1000\" src=\"http:\/\/piesnacki.pl\/wp-content\/uploads\/2026\/02\/PieSnacki-przysmaki-dla-psow-smaczki-smakolyki-dla-wilkow-2.png\" alt=\"\" class=\"wp-image-271\" srcset=\"http:\/\/piesnacki.pl\/wp-content\/uploads\/2026\/02\/PieSnacki-przysmaki-dla-psow-smaczki-smakolyki-dla-wilkow-2.png 1000w, http:\/\/piesnacki.pl\/wp-content\/uploads\/2026\/02\/PieSnacki-przysmaki-dla-psow-smaczki-smakolyki-dla-wilkow-2-300x300.png 300w, http:\/\/piesnacki.pl\/wp-content\/uploads\/2026\/02\/PieSnacki-przysmaki-dla-psow-smaczki-smakolyki-dla-wilkow-2-150x150.png 150w, http:\/\/piesnacki.pl\/wp-content\/uploads\/2026\/02\/PieSnacki-przysmaki-dla-psow-smaczki-smakolyki-dla-wilkow-2-768x768.png 768w\" sizes=\"auto, (max-width: 1000px) 100vw, 1000px\" \/><\/figure>\n<\/div>\n<\/div>\n<\/div>\n\n\n\n<div class=\"wp-block-group alignfull has-global-padding is-layout-constrained wp-block-group-is-layout-constrained\" style=\"margin-top:0;margin-bottom:0;padding-top:var(--wp--preset--spacing--60);padding-bottom:var(--wp--preset--spacing--60)\">\n<div class=\"wp-block-columns alignwide is-layout-flex wp-container-core-columns-is-layout-74b2cda3 wp-block-columns-is-layout-flex\">\n<div class=\"wp-block-column is-layout-flow wp-block-column-is-layout-flow\">\n<div class=\"wp-block-group is-vertical is-content-justification-left is-layout-flex wp-container-core-group-is-layout-7ce391b6 wp-block-group-is-layout-flex\" style=\"min-height:100%\">\n<h2 class=\"wp-block-heading is-style-text-annotation has-x-small-font-size is-style-text-annotation--3\">Z archiwum PieSnack\u00f3w<\/h2>\n\n\n\n<blockquote class=\"wp-block-quote is-style-plain has-x-large-font-size is-layout-flow wp-container-core-quote-is-layout-5dafc681 wp-block-quote-is-layout-flow is-style-plain--4\" style=\"font-style:normal;font-weight:400\">\n<div class=\"wp-block-group has-global-padding is-content-justification-left is-layout-constrained wp-container-core-group-is-layout-085bd3d9 wp-block-group-is-layout-constrained\" style=\"margin-top:0;margin-bottom:0;padding-top:0;padding-right:0;padding-bottom:0;padding-left:0\">\n<p class=\"has-xx-large-font-size\">\u201eWstyd si\u0119 przyzna\u0107, ale kiedy widz\u0119 PieSnacki \u015blini\u0119 si\u0119 jak g\u0142upi :)\u201d<\/p>\n<\/div>\n<cite>Berni<br><sub>bernardyn, 4 lata<\/sub><\/cite><\/blockquote>\n<\/div>\n<\/div>\n\n\n\n<div class=\"wp-block-column is-layout-flow wp-block-column-is-layout-flow\" style=\"padding-top:0;padding-right:0;padding-bottom:0;padding-left:0\">\n<figure class=\"wp-block-image size-full\"><img loading=\"lazy\" decoding=\"async\" width=\"1000\" height=\"1000\" src=\"http:\/\/piesnacki.pl\/wp-content\/uploads\/2026\/02\/PieSnacki-przysmaki-dla-psow-smaczki-smakolyki-mieso-najlepszej-jakosci-wrozka-2.png\" alt=\"\" class=\"wp-image-272\" style=\"aspect-ratio:1;object-fit:cover\" srcset=\"http:\/\/piesnacki.pl\/wp-content\/uploads\/2026\/02\/PieSnacki-przysmaki-dla-psow-smaczki-smakolyki-mieso-najlepszej-jakosci-wrozka-2.png 1000w, http:\/\/piesnacki.pl\/wp-content\/uploads\/2026\/02\/PieSnacki-przysmaki-dla-psow-smaczki-smakolyki-mieso-najlepszej-jakosci-wrozka-2-300x300.png 300w, http:\/\/piesnacki.pl\/wp-content\/uploads\/2026\/02\/PieSnacki-przysmaki-dla-psow-smaczki-smakolyki-mieso-najlepszej-jakosci-wrozka-2-150x150.png 150w, http:\/\/piesnacki.pl\/wp-content\/uploads\/2026\/02\/PieSnacki-przysmaki-dla-psow-smaczki-smakolyki-mieso-najlepszej-jakosci-wrozka-2-768x768.png 768w\" sizes=\"auto, (max-width: 1000px) 100vw, 1000px\" \/><\/figure>\n<\/div>\n<\/div>\n<\/div>\n\n\n\n<aside class=\"wp-block-group alignfull is-style-section-3 has-global-padding is-layout-constrained wp-container-core-group-is-layout-f0f2a97b wp-block-group-is-layout-constrained is-style-section-3--5\" style=\"margin-top:0;margin-bottom:0;padding-top:var(--wp--preset--spacing--50);padding-right:var(--wp--preset--spacing--50);padding-bottom:var(--wp--preset--spacing--50);padding-left:var(--wp--preset--spacing--50)\">\n<div class=\"wp-block-group is-vertical is-content-justification-center is-layout-flex wp-container-core-group-is-layout-8778ca4a wp-block-group-is-layout-flex\" style=\"min-height:360px;margin-top:0;margin-bottom:0\">\n<h2 class=\"wp-block-heading has-text-align-center has-xx-large-font-size\">PieSnacki<\/h2>\n\n\n\n<p class=\"has-text-align-center is-style-text-subtitle is-style-text-subtitle--6\">Mi\u0119sne przysmaki tak pyszne, \u017ce ogon sam merda z zachwytu.<\/p>\n\n\n\n<div style=\"height:0px\" aria-hidden=\"true\" class=\"wp-block-spacer wp-container-content-62aae154\"><\/div>\n\n\n\n<div class=\"wp-block-buttons is-content-justification-center is-layout-flex wp-container-core-buttons-is-layout-a89b3969 wp-block-buttons-is-layout-flex\">\n<div class=\"wp-block-button\"><a class=\"wp-block-button__link has-text-align-center wp-element-button\">Pytania? Pisz \u015bmia\u0142o!<\/a><\/div>\n<\/div>\n<\/div>\n<\/aside>\n","protected":false},"excerpt":{"rendered":"<p>PieSnacki Tw\u00f3j psijaciel zas\u0142uguje na co\u015b naprawd\u0119 wyj\u0105tkowego!Co\u015b, co nie tylko smakuje jak z bajki, ale te\u017c dba o jego zdrowie i szcz\u0119\u015bcie. Historia pierwszych piesnack\u00f3w Dawno, dawno temu &#8230; Dawno, dawno temu, w spokojnej krainie pe\u0142nej \u0142\u0105k, las\u00f3w i zapachu rze\u015bkiego poranka, mieszka\u0142a dobra Wr\u00f3\u017cka Psilena. Kocha\u0142a ona psy wszystkich ras \u2013 te ma\u0142e [&hellip;]<\/p>\n","protected":false},"author":2,"featured_media":0,"parent":0,"menu_order":0,"comment_status":"closed","ping_status":"closed","template":"page-no-title","meta":{"footnotes":""},"class_list":["post-37","page","type-page","status-publish","hentry"],"_links":{"self":[{"href":"http:\/\/piesnacki.pl\/index.php?rest_route=\/wp\/v2\/pages\/37","targetHints":{"allow":["GET"]}}],"collection":[{"href":"http:\/\/piesnacki.pl\/index.php?rest_route=\/wp\/v2\/pages"}],"about":[{"href":"http:\/\/piesnacki.pl\/index.php?rest_route=\/wp\/v2\/types\/page"}],"author":[{"embeddable":true,"href":"http:\/\/piesnacki.pl\/index.php?rest_route=\/wp\/v2\/users\/2"}],"replies":[{"embeddable":true,"href":"http:\/\/piesnacki.pl\/index.php?rest_route=%2Fwp%2Fv2%2Fcomments&post=37"}],"version-history":[{"count":13,"href":"http:\/\/piesnacki.pl\/index.php?rest_route=\/wp\/v2\/pages\/37\/revisions"}],"predecessor-version":[{"id":356,"href":"http:\/\/piesnacki.pl\/index.php?rest_route=\/wp\/v2\/pages\/37\/revisions\/356"}],"wp:attachment":[{"href":"http:\/\/piesnacki.pl\/index.php?rest_route=%2Fwp%2Fv2%2Fmedia&parent=37"}],"curies":[{"name":"wp","href":"https:\/\/api.w.org\/{rel}","templated":true}]}}